13) to base 5.
-1333
What is 100010111011011 (base 2) in base 9?
26470
31240 (base 5) to base 14
a7c
-100011100 (base 2) to base 10
-284
44420 (base 5) to base 7
12032
What is 16060 (base 8) in base 16?
1c30
4c78 (base 14) to base 3
200102120
-111111001010 (base 2) to base 7
-14533
What is -638 (base 10) in base 12?
-452
What is -10011110 (base 2) in base 16?
-9e
-121313 (base 5) to base 3
-20021202
What is -238a4 (base 11) in base 8?
-103065
Convert -212 (base 16) to base 8.
-1022
1a6 (base 13) to base 4
10301
What is -6151 (base 8) in base 11?
-2429
10233 (base 4) to base 8
457
1158a (base 12) to base 7
124621
Convert -40ca (base 13) to base 6.
-105242
Convert 615 (base 7) to base 8.
462
1676 (base 12) to base 9
3610
What is -3616 (base 9) in base 4?
-222000
Convert 1225 (base 10) to base 3.
1200101
4077 (base 8) to base 13
c65
Convert 221100100 (base 3) to base 6.
221313
What is 578 (base 11) in base 12?
496
1111100100110 (base 2) to base 12
4746
What is 1035 (base 7) in base 4?
11301
Convert -342 (base 11) to base 13.
-256
-1435 (base 9) to base 6
-5005
Convert -7186 (base 11) to base 15.
-2c57
What is -4114041 (base 5) in base 2?
-10000010011010011
2265 (base 8) to base 10
1205
Convert 20454 (base 7) to base 11.
386a
What is 10001102 (base 3) in base 15?
9d5
Convert 4887 (base 11) to base 16.
18f3
What is -b6 (base 15) in base 11?
-146
What is 33 (base 6) in base 13?
18
Convert -211 (base 11) to base 12.
-192
What is 620 (base 8) in base 5?
3100
What is 503 (base 13) in base 14?
448
Convert -10a5 (base 16) to base 9.
-5754
Convert 1001010100010 (base 2) to base 10.
4770
Convert 204 (base 8) to base 14.
96
101244 (base 6) to base 14
2d40
101132 (base 6) to base 7
32315
-301a (base 12) to base 8
-12126
Convert b9b (base 12) to base 10.
1703
10000000001 (base 2) to base 9
1358
What is 5b56 (base 13) in base 16?
3273
Convert 29c1 (base 16) to base 15.
3279
-14713 (base 13) to base 8
-113224
1c3 (base 14) to base 13
223
-4894 (base 14) to base 5
-401144
What is c57 (base 15) in base 12?
173a
Convert 1012202002 (base 3) to base 5.
1230440
Convert -13049 (base 11) to base 10.
-18687
Convert -13421 (base 5) to base 4.
-101113
-1010011111 (base 2) to base 16
-29f
What is 7400 (base 9) in base 7?
21552
Convert 1f6 (base 16) to base 6.
2154
What is -12101 (base 5) in base 2?
-1110000101
301255 (base 6) to base 16
5c63
What is -44265 (base 7) in base 6?
-123253
-1146 (base 9) to base 8
-1524
What is -689 (base 16) in base 13?
-9b9
122010 (base 6) to base 5
321211
What is -13010111 (base 4) in base 5?
-1411244
What is -1a3f (base 16) in base 10?
-6719
What is -35140 (base 9) in base 12?
-11699
What is bd8a (base 16) in base 15?
e59c
-54351 (base 6) to base 15
-233d
What is 415 (base 9) in base 6?
1322
What is 1031 (base 11) in base 2?
10101010101
What is 2336 (base 11) in base 3?
11012111
Convert 212022001 (base 3) to base 16.
4258
2233 (base 9) to base 15
750
-201223 (base 4) to base 11
-168a
What is 1110211 (base 3) in base 9?
1424
-47b4 (base 12) to base 7
-32326
-10100011000 (base 2) to base 13
-794
Convert 1333 (base 4) to base 14.
91
What is 580 (base 14) in base 3?
1111110
-2201021 (base 3) to base 15
-8bd
-f4b (base 16) to base 2
-111101001011
2011002012 (base 3) to base 8
122545
Convert 1211210 (base 3) to base 10.
1344
Convert -102332 (base 4) to base 13.
-725
102321 (base 4) to base 8
2271
What is -1311303 (base 4) in base 2?
-1110101110011
-10678 (base 16) to base 10
-67192
12330 (base 6) to base 14
966
What is -38f (base 16) in base 10?
-911
-8e3 (base 16) to base 6
-14311
-11a (base 14) to base 6
-1004
-1313311 (base 4) to base 7
-31234
-1062 (base 9) to base 13
-485
What is 362 (base 16) in base 13?
518
433 (base 5) to base 4
1312
5122 (base 9) to base 5
104441
What is 21000 (base 3) in base 7?
360
What is 132b3 (base 13) in base 8?
105464
-12420 (base 5) to base 7
-2605
139 (base 13) to base 12
161
What is 542 (base 10) in base 11?
453
Convert -11255 (base 6) to base 5.
-22434
Convert 424 (base 14) to base 13.
4aa
Convert 349c (base 13) to base 3.
101010221
What is 4140 (base 6) in base 5?
12144
Convert 11010010001100 (base 2) to base 15.
3ebc
Convert 6520 (base 8) to base 12.
1b80
Convert 48ad (base 16) to base 7.
105146
What is -52040 (base 7) in base 10?
-12719
9380 (base 11) to base 16
308e
Convert -130 (base 13) to base 11.
-17a
374c (base 15) to base 13
5487
What is -a9 (base 14) in base 12?
-105
-129d (base 16) to base 13
-2227
1000111000100 (base 2) to base 9
6213
Convert 394 (base 10) to base 8.
612
What is 4551 (base 7) in base 12?
b59
What is 1101100111010011 (base 2) in base 5?
3241023
Convert 1302232 (base 4) to base 9.
11057
What is 154 (base 6) in base 10?
70
What is 1000110001110 (base 2) in base 8?
10616
20025 (base 6) to base 10
2609
-30a (base 11) to base 15
-19d
-4313 (base 6) to base 9
-1310
-18ad5 (base 14) to base 3
-10011202101
Convert 20236 (base 8) to base 13.
3a54
Convert -391 (base 14) to base 15.
-32a
What is 4963 (base 15) in base 7?
63351
Convert 6733 (base 11) to base 8.
21245
Convert 12505 (base 7) to base 13.
1699
Convert 10120120 (base 3) to base 6.
20023
68b (base 12) to base 4
33023
What is -2366 (base 7) in base 12?
-615
Convert 542 (base 12) to base 5.
11040
14214 (base 5) to base 15
53e
Convert -20833 (base 9) to base 6.
-143520
-ba (base 14) to base 11
-13a
Convert 33010 (base 8) to base 7.
55220
Convert 100101000 (base 2) to base 11.
24a
Convert -1140 (base 10) to base 8.
-2164
Convert 20053 (base 10) to base 16.
4e55
Convert 5493 (base 11) to base 10.
7241
-b8 (base 13) to base 10
-151
What is 2020304 (base 5) in base 14?
bc31
Convert 13102012 (base 4) to base 14.
ac2a
10377 (base 8) to base 14
182b
Convert 2121301 (base 4) to base 16.
2671
Convert -179 (base 10) to base 8.
-263
What is -103221 (base 5) in base 2?
-110111101001
What is 1c7b (base 13) in base 15?
1437
Convert -2222022 (base 3) to base 14.
-b0c
Convert -2433 (base 6) to base 14.
-309
What is -101 (base 9) in base 16?
-52
Convert d5 (base 15) to base 4.
3020
-3380 (base 9) to base 13
-11a6
146 (base 7) to base 9
102
What is -1443 (base 12) in base 10?
-2355
Convert -220010 (base 3) to base 2.
-1010001011
-1170 (base 12) to base 5
-30311
1002233 (base 4) to base 8
10257
7266 (base 9) to base 14
1d25
What is -111212 (base 3) in base 2?
-101110110
11d4c (base 14) to base 6
534400
3608 (base 15) to base 10
11483
3 (base 10) to base 9
3
What is -343135 (base 6) in base 10?
-29219
5434 (base 6) to base 4
103132
Convert -3439 (base 10) to base 15.
-1044
Convert 33211 (base 7) to base 6.
102334
Convert -1000000100 (base 2) to base 4.
-20010
What is -445 (base 12) in base 10?
-629
Convert 4b (base 16) to base 6.
203
What is 131054 (base 6) in base 8?
27212
What is 1031012 (base 4) in base 7?
20246
8c5e (base 15) to base 16
745d
Convert -1330 (base 4) to base 3.
-11121
What is -5b4 (base 12) in base 11?
-709
What is -1461 (base 12) in base 15?
-a87
Convert 4019 (base 10) to base 2.
111110110011
2014 (base 7) to base 4
22321
1021010 (base 5) to base 7
100402
Convert -449 (base 15) to base 3.
-1022220
Convert -66d (base 15) to base 11.
-1101
-1111001010 (base 2) to base 5
-12340
What is 206 (base 16) in base 12?
372
2428 (base 14) to base 8
14244
-211222200 (base 3) to base 13
-7821
What is -10b (base 15) in base 7?
-455
Convert -2728 (base 15) to base 11.
-6313
What is -3a1 (base 11) in base 9?
-576
What is 3202 (base 4) in base 14?
122
Convert -12331 (base 6) to base 3.
-2112201
10033 (base 5) to base 10
643
Convert 42510 (base 9) to base 10.
28116
Convert f0f (base 16) to base 8.
7417
Convert 247 (base 9) to base 16.
cd
Convert 102200210 (base 3) to base 12.
4b26
Convert -59a8 (base 14) to base 8.
-36420
What is 2b (base 15) in base 3?
1112
Convert 1477 (base 10) to base 8.
2705
-572 (base 10) to base 2
-1000111100
What is 242 (base 7) in base 10?
128
Convert -201200120 (base 3) to base 2.
-11100000010000
44033 (base 8) to base 14
6a27
Convert 311 (base 9) to base 13.
166
What is 5c9 (base 15) in base 13?
7a1
What is 11323103 (base 4) in base 2?
101111011010011
-10101101101 (base 2) to base 6
-10233
227 (base 9) to base 7
355
-10077 (base 12) to base 10
-20827
Convert -2850 (base 9) to base 6.
-13543
Convert -16522 (base 8) to base 1